3 + 3*m**2/2 + 10*m - 11. Let u be d(5). Suppose u*v + 84 = 3*v. What is the units digit of v?
8
Let n(k) = -21*k - 274. What is the units digit of n(-23)?
9
Let r(c) be the first derivative of -c**5/24 + c**4/8 - c**3 - 5. Let l(m) be the third derivative of r(m). What is the units digit of l(-6)?
3
Suppose -5*c + 0*c = 2*y - 96, 0 = 5*y + 5*c - 270. Let u = 54 + -49. Suppose -2*o + 50 = -m - 2*m, 2*o - y = u*m. What is the tens digit of o?
1
Let u = -11 + 13. Suppose u*b = 6*b. Let z(s) = -s**2 - s + 14. What is the tens digit of z(b)?
1
Let h = 43 - 120. Let x = 50 + h. What is the tens digit of x/15*(-14 + 4)?
1
Suppose -46 = -27*f + 3599. What is the hundreds digit of f?
1
Let p(r) be the first derivative of r**4/4 - 7*r**3/3 - 3*r**2/2 + 6*r + 14. What is the tens digit of p(8)?
4
Suppose r + 4*r = -k + 62, -3*k = r - 200. What is the tens digit of k?
6
Let b = 32 + -29. Suppose -4*y + b = -89. What is the units digit of y?
3
Let s be -2*(1 - (6 + -4)). Suppose -y - 59 = -s*y. What is the units digit of y?
9
Suppose 0 = i - 5*w - 1048, -2*w + 1299 = 3*i - 1760. Suppose 5*b - o - i = 0, -359 = -2*b - 3*o + 40. What is the units digit of b?
4
Let h(t) = -5*t - 2*t**2 - 35*t**3 - 4*t**2 + t**2. What is the hundreds digit of h(-2)?
2
Suppose 76140 = 49*n - 2*n. What is the units digit of n?
0
Let o = -8 - -10. Let n be 1 - (0 - o)*1. Let z = 3 + n. What is the units digit of z?
6
Suppose 5*s - 6*j = 3325, 2*j + 1330 = 2*s + 7*j. What is the units digit of s?
5
Let f(y) = 3 + 2*y + 16*y**2 + 2*y**3 + y**3 + y**3 - 5*y**3. What is the units digit of f(16)?
5
Suppose i - 220 - 324 = -f, 2*i = -4*f + 2174. What is the units digit of f?
3
Let p(v) be the first derivative of v**2/2 + 21*v - 6. What is the tens digit of p(0)?
2
Let b = -270 + 444. Suppose 4*y + 5*u = 175, -b = -4*y - 4*u - 2. What is the units digit of y?
0
Let h(m) = 4*m**2 - 15*m. Let i be h(-5). Let g = 321 - i. What is the units digit of g?
6
Let r be 2/(-10) - ((-130)/25 + 5). Suppose -12*q + 10*q + 396 = r. What is the hundreds digit of q?
1
Suppose 0*z - 2*z - 2 = 0. Let x be 4*-25 - 3/z. Let u = 141 + x. What is the units digit of u?
4
Let p(n) = n**3 + n**2 - n + 244. Suppose -6*w = -5*w. Let j be p(w). Suppose -6*u - 70 = -j. What is the units digit of u?
9
Let c(x) = -15*x + 3. Let b = 45 - 26. Suppose -22 + b = n. What is the tens digit of c(n)?
4
Suppose 2*k + v = 8, 5*v = 3 + 7. What is the units digit of 9/(36/176) + (0 - k)?
1
Let c be 2/(-6) + 20/6. Suppose -5*p + c*h = -p - 177, -2*h + 36 = p. Suppose j + p = 3*j + 2*z, 86 = 4*j + 5*z. What is the units digit of j?
9
Let s(n) = 180*n**2 + 11*n. What is the hundreds digit of s(3)?
6
Let w be 876/52 + 4/26. Suppose 5*g - w*g + 2820 = 0. What is the units digit of g?
5
Let j(p) = p**3 + p**2. Let w be j(-1). Suppose -3*z + w*o = 2*o - 499, 15 = 3*o. What is the hundreds digit of z?
1
Let t(f) = 3*f**2 + 2*f + 1. Let v be ((-7)/(-14))/((-1)/2). Let x be t(v). What is the units digit of (3 + 9)*2/x?
2
Suppose -4*o + 4*z = -44, 3*o - z - 15 = -4*z. Suppose -100 = 3*k - o*k. Suppose d - 4 = k. What is the tens digit of d?
2
Suppose -5*l - 11 = -21. Let a = l - -8. What is the tens digit of 29 + 5/(a/6)?
3
Let w(c) = -130*c - 378. What is the units digit of w(-15)?
2
Let q(v) = -v**3 + 12*v**2 + 2*v + 2. Let t be (2/3)/((-3)/(-54)). What is the units digit of q(t)?
6
What is the units digit of (-23 - 30)*7/(-1)?
1
Let h(r) = 14*r + 1. Let q be h(28). Suppose 4*l = l + q. What is the units digit of l?
1
Let t(j) = 2*j**3 + 9*j**2 - 3*j + 10. Let h be t(-5). Suppose -5*x - 3*n = -770, 0 = -h*x - 3*x + n + 462. What is the units digit of x?
4
Let i(l) = 2*l**2 + 11*l + 2444. What is the hundreds digit of i(0)?
4
Let r(o) = o**3 - 9*o**2 + 9*o - 10. Let s be r(8). What is the units digit of 344/44 - ((-40)/(-22) + s)?
8
Suppose -f + 5*k - 2*k - 517 = 0, f - k + 509 = 0. What is the hundreds digit of (-1)/(0 - (-5)/f)?
1
Let r be 172/(-24) + 7 - 94/12. What is the tens digit of ((-260)/(-16))/((-2)/r)?
6
Let z(q) = -4 - 1 + q**3 + 4*q + 5 - 5*q**2 + 2. What is the units digit of z(5)?
2
Let f(o) = -o**3 - 34*o**2 + 22*o - 29. What is the units digit of f(-35)?
6
What is the tens digit of (0 - -41)/(324/45 + -7)?
0
Suppose 16 = 2*z - 6*z, 2*i + 2*z = 114. Suppose s = 3*n + i, 2*s + 2*n - 216 = -2*s. What is the units digit of s?
5
Let d(i) be the second derivative of i**4/12 + 5*i**3/3 + 14*i**2 + 2*i + 16. What is the hundreds digit of d(-18)?
1
Suppose 612*y - 597*y = 11820. What is the units digit of y?
8
What is the tens digit of (3/(-9))/((-9)/2970)?
1
Let s = 10 - 10. Let c be ((s - -2) + -2)/(-2). Suppose 4*q - 3 = 3*w - 50, c = -w - 5*q + 3. What is the units digit of w?
3
Let k(x) be the first derivative of -x**4/4 + 10*x**3/3 + 21*x**2/2 + 5*x + 37. What is the tens digit of k(11)?
1
What is the hundreds digit of 3 - ((-1050)/(-18))/(-7)*141?
1
Let d(m) = -2*m - 9. Let s be d(-6). Suppose -n = 5*q - 3 - 12, s*n = 5*q - 15. Suppose n = -g + 4*j + 2, 0*g = -3*g + 4*j + 38. What is the units digit of g?
8
Suppose -924*m = -930*m + 960. What is the tens digit of m?
6
Let l(i) be the first derivative of 2*i**3/3 + 41*i**2/2 + 28*i - 30. What is the tens digit of l(-22)?
9
Suppose -k = -a - 660, -8*a = k - 4*a - 680. What is the tens digit of k?
6
Let j be (-10)/((-3 - -6) + -1). Let v be j/((-20)/118)*2. Suppose -4*w = -t + 20, 5*w + v + 22 = 3*t. What is the tens digit of t?
3
Let i = -4 + 12. Let k = -3 + i. What is the units digit of 1 - (k + -3 - 2)?
1
Let q(m) = 19*m**2 + 121*m + 18. What is the thousands digit of q(-13)?
1
Let m = -8 + 32. Suppose -4*r + 0*r = -m. Suppose 5*n - h - 40 = 0, r*n - 3*n + 5*h = 52. What is the units digit of n?
9
Let k(x) = x**2 + 5*x - 8. Let p be k(-6). What is the tens digit of (27 + -29)/(p/168)?
6
What is the tens digit of 36/(-30)*(89/(-2) - 3)?
5
Let m(b) be the second derivative of b**4/12 - b**3/6 + 38*b**2 - 23*b. What is the tens digit of m(0)?
7
Let j be (15 + 0)*8/10. Let d = -9 + j. What is the units digit of ((-2)/d)/(1/(-33))?
2
Suppose -j + 8 = 2*t, -3*t - 2*t = 5*j - 35. Suppose -j*h = -3*h - 450. Suppose 3*n + f - 92 = 0, 4*n = -n - f + h. What is the units digit of n?
9
Let f(k) be the first derivative of -15*k**2/2 + 4*k + 1. Let b be f(-3). Suppose 41 = 3*g - b. What is the units digit of g?
0
Suppose 3*l = f - 549, 3*f + l + 2773 = 8*f. What is the tens digit of f?
5
Suppose 0 = 2*r + 2*r - i - 504, -2*r + 254 = -i. Let t = r - -59. What is the hundreds digit of t?
1
Let t(u) = 0*u - 14 - 3*u - 4*u**2 + 0*u**2 + 5*u**2. What is the units digit of t(-7)?
6
Let b be (1 - 1) + 2/(-1). Let n be b/8 + (-79)/4. What is the units digit of (7 + 1)/((-8)/n)?
0
Suppose -5 = 4*m - 1. Let f be (-7 + 6)/(m/89). Suppose 5*u - f = 226. What is the units digit of u?
3
Let q be 0/(-3*2/6). Let w(a) = a**2 + 2*a + 132. What is the units digit of w(q)?
2
Suppose -10093 = -84*l + 4439. What is the units digit of l?
3
Let a be (0 + 3)/3*6. Suppose a*q = 25 + 23. What is the units digit of q?
8
Suppose -228*r - 825 = -233*r. What is the units digit of r?
5
Let t(v) = 4*v**2 - 10*v + 1. Let d(g) = 5*g**2 - 9*g + 2. Let w(r) = 3*d(r) - 4*t(r). Let p = -217 + 226. What is the tens digit of w(p)?
3
Let v(h) = h**2 + 3*h - 1. Let t be v(-3). What is the units digit of 1 - -57*(2 + t)?
8
What is the units digit of 320/6*(-72)/(-10)?
4
Let o be 1 + -31 + 0/(-3). Let h(f) = -2*f**3 + 2*f**2 + 7*f - 3. Let z be h(-3). Let y = o + z. What is the units digit of y?
8
Let l = -16 + 18. Suppose -i - 27 = l*i. Let b(j) = -j**2 - 10*j - 6. What is the units digit of b(i)?
3
Let x = 405 - -14. What is the units digit of x?
9
Let s = 684 + -252. Suppose -12*b + s = -8*b. What is the hundreds digit of b?
1
Let s(z) = -11*z + 4. Suppose -8*w - 10 = -7*w. Let y be s(w). Suppose 3*h - y - 48 = 0. What is the units digit of h?
4
Suppose -6*c - 977 = -16895. What is the units digit of c?
3
Suppose 4*h - j = -0*h + 13, -16 = -4*h + 4*j. What is the units digit of -3 + 1 + 84/h?
6
Let v = 4414 + -2578. What is the thousands digit of v?
1
Suppose 12*g = 9*g + 6, -428 = -2*q - 4*g. What is the units digit of q?
0
Suppose 80 = 5*p - 5*l, 3*l = 3*p - l - 51. Suppose 4*o = 3*o - p. Let b = 15 + o. What is the un